{"id":3,"date":"2025-09-09T10:53:37","date_gmt":"2025-09-09T10:53:37","guid":{"rendered":"https:\/\/prevencionsuicidioaragon.es\/?page_id=3"},"modified":"2025-09-10T11:09:43","modified_gmt":"2025-09-10T11:09:43","slug":"politica-de-privacidad","status":"publish","type":"page","link":"https:\/\/prevencionsuicidioaragon.es\/index.php\/politica-de-privacidad\/","title":{"rendered":"Pol\u00edtica de privacidad"},"content":{"rendered":"<h2 class=\"wp-block-heading\"><span style=\"color: #ffffff;\">Pol\u00edtica de privacidad<\/span><\/h2>\n<p><span style=\"color: #ffffff;\">De conformidad con lo establecido en la LOPD, se garantiza la adopci\u00f3n de las medidas necesarias para asegurar el tratamiento confidencial de los datos de car\u00e1cter personal.<\/span><\/p>\n<p><span style=\"color: #ffffff;\">Haz click aqu\u00ed para m\u00e1s informaci\u00f3n:<\/span><\/p>\n<p><a href=\"https:\/\/www.fadesaludmental.es\/\"><img decoding=\"async\" class=\"alignnone wp-image-261\" src=\"https:\/\/prevencionsuicidioaragon.es\/wp-content\/uploads\/2025\/09\/forum_logo-300x94.jpg\" alt=\"\" width=\"268\" height=\"84\" srcset=\"https:\/\/prevencionsuicidioaragon.es\/wp-content\/uploads\/2025\/09\/forum_logo-300x94.jpg 300w, https:\/\/prevencionsuicidioaragon.es\/wp-content\/uploads\/2025\/09\/forum_logo-1024x322.jpg 1024w, https:\/\/prevencionsuicidioaragon.es\/wp-content\/uploads\/2025\/09\/forum_logo-768x242.jpg 768w, https:\/\/prevencionsuicidioaragon.es\/wp-content\/uploads\/2025\/09\/forum_logo-1536x484.jpg 1536w, https:\/\/prevencionsuicidioaragon.es\/wp-content\/uploads\/2025\/09\/forum_logo-2048x645.jpg 2048w\" sizes=\"(max-width: 268px) 100vw, 268px\" \/><\/a><\/p>\n","protected":false},"excerpt":{"rendered":"<p>Pol\u00edtica de privacidad De conformidad con lo establecido en la LOPD, se garantiza la adopci\u00f3n de las medidas necesarias para asegurar el tratamiento confidencial de los datos de car\u00e1cter personal. Haz click aqu\u00ed para m\u00e1s informaci\u00f3n:<\/p>\n","protected":false},"author":1,"featured_media":0,"parent":0,"menu_order":0,"comment_status":"closed","ping_status":"open","template":"","meta":{"footnotes":""},"class_list":["post-3","page","type-page","status-publish","hentry"],"_links":{"self":[{"href":"https:\/\/prevencionsuicidioaragon.es\/index.php\/wp-json\/wp\/v2\/pages\/3","targetHints":{"allow":["GET"]}}],"collection":[{"href":"https:\/\/prevencionsuicidioaragon.es\/index.php\/wp-json\/wp\/v2\/pages"}],"about":[{"href":"https:\/\/prevencionsuicidioaragon.es\/index.php\/wp-json\/wp\/v2\/types\/page"}],"author":[{"embeddable":true,"href":"https:\/\/prevencionsuicidioaragon.es\/index.php\/wp-json\/wp\/v2\/users\/1"}],"replies":[{"embeddable":true,"href":"https:\/\/prevencionsuicidioaragon.es\/index.php\/wp-json\/wp\/v2\/comments?post=3"}],"version-history":[{"count":2,"href":"https:\/\/prevencionsuicidioaragon.es\/index.php\/wp-json\/wp\/v2\/pages\/3\/revisions"}],"predecessor-version":[{"id":263,"href":"https:\/\/prevencionsuicidioaragon.es\/index.php\/wp-json\/wp\/v2\/pages\/3\/revisions\/263"}],"wp:attachment":[{"href":"https:\/\/prevencionsuicidioaragon.es\/index.php\/wp-json\/wp\/v2\/media?parent=3"}],"curies":[{"name":"wp","href":"https:\/\/api.w.org\/{rel}","templated":true}]}}